{"id":2111,"date":"2024-02-15T18:41:23","date_gmt":"2024-02-15T21:41:23","guid":{"rendered":"https:\/\/enssagarna-ers.infd.edu.ar\/sitio\/?page_id=2111"},"modified":"2024-02-15T18:41:24","modified_gmt":"2024-02-15T21:41:24","slug":"regimen-academico-marco-ram-para-los-institutos-de-educacion-superior","status":"publish","type":"page","link":"https:\/\/enssagarna-ers.infd.edu.ar\/sitio\/regimen-academico-marco-ram-para-los-institutos-de-educacion-superior\/","title":{"rendered":"R\u00e9gimen Acad\u00e9mico Marco (RAM) para los Institutos de Educaci\u00f3n Superior"},"content":{"rendered":"\n<p>El RAM se organiza a partir de los siguientes componentes (Resoluci\u00f3n N\u00b0 72\/08 CFE):<\/p>\n\n\n\n<ul>\n<li>Ingreso<\/li>\n\n\n\n<li>Trayectoria Formativa, Permanencia y Promoci\u00f3n<\/li>\n\n\n\n<li>Egreso<\/li>\n<\/ul>\n\n\n\n<div class=\"wp-block-file\"><object class=\"wp-block-file__embed\" data=\"https:\/\/enssagarna-ers.infd.edu.ar\/sitio\/wp-content\/uploads\/2024\/02\/0249-24-CGE-Aprueba-Regimen-Academico-Marco-RAM-para-Institutos-de-Educacion-Superior.pdf\" type=\"application\/pdf\" style=\"width:100%;height:600px\" aria-label=\"Incrustado de 0249-24-CGE-Aprueba-Regimen-Academico-Marco-RAM-para-Institutos-de-Educacion-Superior.\"><\/object><a id=\"wp-block-file--media-aa8ffb92-0b69-4ffe-b01b-443e489fa3ca\" href=\"https:\/\/enssagarna-ers.infd.edu.ar\/sitio\/wp-content\/uploads\/2024\/02\/0249-24-CGE-Aprueba-Regimen-Academico-Marco-RAM-para-Institutos-de-Educacion-Superior.pdf\">0249-24-CGE-Aprueba-Regimen-Academico-Marco-RAM-para-Institutos-de-Educacion-Superior<\/a><a href=\"https:\/\/enssagarna-ers.infd.edu.ar\/sitio\/wp-content\/uploads\/2024\/02\/0249-24-CGE-Aprueba-Regimen-Academico-Marco-RAM-para-Institutos-de-Educacion-Superior.pdf\" class=\"wp-block-file__button wp-element-button\" download aria-describedby=\"wp-block-file--media-aa8ffb92-0b69-4ffe-b01b-443e489fa3ca\">Descarga<\/a><\/div>\n","protected":false},"excerpt":{"rendered":"<p>El RAM se organiza a partir de los siguientes componentes (Resoluci\u00f3n N\u00b0 72\/08 CFE):<\/p>\n","protected":false},"author":99,"featured_media":0,"parent":0,"menu_order":0,"comment_status":"closed","ping_status":"closed","template":"","meta":[],"acf":[],"_links":{"self":[{"href":"https:\/\/enssagarna-ers.infd.edu.ar\/sitio\/wp-json\/wp\/v2\/pages\/2111"}],"collection":[{"href":"https:\/\/enssagarna-ers.infd.edu.ar\/sitio\/wp-json\/wp\/v2\/pages"}],"about":[{"href":"https:\/\/enssagarna-ers.infd.edu.ar\/sitio\/wp-json\/wp\/v2\/types\/page"}],"author":[{"embeddable":true,"href":"https:\/\/enssagarna-ers.infd.edu.ar\/sitio\/wp-json\/wp\/v2\/users\/99"}],"replies":[{"embeddable":true,"href":"https:\/\/enssagarna-ers.infd.edu.ar\/sitio\/wp-json\/wp\/v2\/comments?post=2111"}],"version-history":[{"count":1,"href":"https:\/\/enssagarna-ers.infd.edu.ar\/sitio\/wp-json\/wp\/v2\/pages\/2111\/revisions"}],"predecessor-version":[{"id":2113,"href":"https:\/\/enssagarna-ers.infd.edu.ar\/sitio\/wp-json\/wp\/v2\/pages\/2111\/revisions\/2113"}],"wp:attachment":[{"href":"https:\/\/enssagarna-ers.infd.edu.ar\/sitio\/wp-json\/wp\/v2\/media?parent=2111"}],"curies":[{"name":"wp","href":"https:\/\/api.w.org\/{rel}","templated":true}]}}