{"id":1984,"date":"2023-09-19T19:16:48","date_gmt":"2023-09-19T22:16:48","guid":{"rendered":"https:\/\/enssagarna-ers.infd.edu.ar\/sitio\/?page_id=1984"},"modified":"2023-11-16T09:47:25","modified_gmt":"2023-11-16T12:47:25","slug":"tecnicatura-superior-en-enfermeria-2","status":"publish","type":"page","link":"https:\/\/enssagarna-ers.infd.edu.ar\/sitio\/tecnicatura-superior-en-enfermeria-2\/","title":{"rendered":"Tecnicatura Superior en Enfermer\u00eda"},"content":{"rendered":"\n<figure class=\"wp-block-image size-full\"><img decoding=\"async\" loading=\"lazy\" width=\"1200\" height=\"200\" src=\"https:\/\/enssagarna-ers.infd.edu.ar\/sitio\/wp-content\/uploads\/2023\/09\/Banner-ENFERMERIA.png\" alt=\"\" class=\"wp-image-2015\" srcset=\"https:\/\/enssagarna-ers.infd.edu.ar\/sitio\/wp-content\/uploads\/2023\/09\/Banner-ENFERMERIA.png 1200w, https:\/\/enssagarna-ers.infd.edu.ar\/sitio\/wp-content\/uploads\/2023\/09\/Banner-ENFERMERIA-1000x167.png 1000w, https:\/\/enssagarna-ers.infd.edu.ar\/sitio\/wp-content\/uploads\/2023\/09\/Banner-ENFERMERIA-768x128.png 768w, https:\/\/enssagarna-ers.infd.edu.ar\/sitio\/wp-content\/uploads\/2023\/09\/Banner-ENFERMERIA-400x68.png 400w\" sizes=\"(max-width: 1200px) 100vw, 1200px\" \/><\/figure>\n\n\n\n<div class=\"wp-block-columns is-layout-flex wp-container-3\">\n<div class=\"wp-block-column is-layout-flow\" style=\"flex-basis:66.66%\">\n<p><strong>T\u00edtulo que se otorga<\/strong>: Enfermero\/a<\/p>\n<p><strong>Duraci\u00f3n:<\/strong> 3 a\u00f1os<\/p>\n\n\n\n<p><strong>Resoluci\u00f3n 0620\/15 CGE:&nbsp;<a href=\"https:\/\/des-ers.infd.edu.ar\/sitio\/wp-content\/uploads\/2021\/09\/0620-15-CGE-Aprueba-Diseno-Curricular-Tecnicatura-Sup.-en-Enfermeria-1.pdf\">Descargar<\/a><\/strong><\/p>\n<\/div>\n\n\n\n<div class=\"wp-block-column is-layout-flow\" style=\"flex-basis:33.33%\">\n<figure class=\"wp-block-image size-full\"><a href=\"https:\/\/enssagarna-ers.infd.edu.ar\/sitio\/inscripcion-a-carreras\/\"><img decoding=\"async\" loading=\"lazy\" width=\"600\" height=\"150\" src=\"https:\/\/enssagarna-ers.infd.edu.ar\/sitio\/wp-content\/uploads\/2023\/11\/Link-para-Inscripcion.png\" alt=\"\" class=\"wp-image-2044\"\/><\/a><\/figure>\n<\/div>\n<\/div>\n\n\n\n<p>El Enfermero\/a est\u00e1 capacitado para el ejercicio profesional en relaci\u00f3n de dependencia y en forma libre, desarrollando, brindando y gestionando los cuidados de enfermer\u00eda aut\u00f3nomos&nbsp; e&nbsp; interdependientes&nbsp; para&nbsp; la&nbsp; promoci\u00f3n,&nbsp; prevenci\u00f3n,&nbsp; recuperaci\u00f3n&nbsp; y rehabilitaci\u00f3n de la persona, la familia, grupo y comunidad hasta el nivel de cuidados intermedios, en los \u00e1mbitos comunitario y hospitalario; gestionando su \u00e1mbito de trabajo y participando en estudios de investigaci\u00f3n-acci\u00f3n.<\/p>\n\n\n\n<p><\/p>\n<h3 class=\"entry-title\" style=\"background-color: #dd4816;\"><span style=\"color: #ffffff;\">Perfil del Profesional<\/span><\/h3>\n<p><\/p>\n\n\n\n<ul>\n<li>Desarrollar&nbsp;y&nbsp;gestionar cuidados de enfermer\u00eda para la promoci\u00f3n, prevenci\u00f3n y&nbsp;recuperaci\u00f3n hasta el nivel de cuidados intermedios con la comunidad.<\/li>\n\n\n\n<li>Brindar y gestionar cuidados de enfermer\u00eda en el \u00e1mbito hospitalario hasta el nivel decuidados intermedios.<\/li>\n\n\n\n<li>Gestionar su \u00e1mbito de trabajo ya sea en relaci\u00f3n de dependencia o en forma libre<\/li>\n<\/ul>\n\n\n\n<p><\/p>\n<h3 class=\"entry-title\" style=\"background-color: #dd4816;\"><span style=\"color: #ffffff;\">Habilitaciones Profesionales<\/span><\/h3>\n<p><\/p>\n\n\n\n<h5 class=\"wp-block-heading\"><strong>Atenci\u00f3n<\/strong><\/h5>\n\n\n\n<ul>\n<li>Planear, implementar y ejecutar, dirigir, supervisar y evaluar la&nbsp;Atenci\u00f3n&nbsp;de Enfermer\u00eda&nbsp;en su promoci\u00f3n, prevenci\u00f3n, recuperaci\u00f3n y rehabilitaci\u00f3n de la salud en los \u00e1mbitos:&nbsp;comunitario y hospitalario.<\/li>\n\n\n\n<li>Brindar cuidados de enfermer\u00eda a las personas, asignando al personal a su cargo<\/li>\n\n\n\n<li>Acciones de enfermer\u00eda de acuerdo a la situaci\u00f3n de las personas y al nivel de preparaci\u00f3n y&nbsp;experiencia del personal.<\/li>\n\n\n\n<li>Realizar la consulta de enfermer\u00eda, diagnosticar, prescribir e implementar los cuidados de&nbsp;enfermer\u00eda, a la persona, familia y comunidad.<\/li>\n\n\n\n<li>Participar en el desarrollo de la tecnolog\u00eda apropiada para la atenci\u00f3n de la salud.<\/li>\n\n\n\n<li>Realizar los cuidados de enfermer\u00eda encaminados a satisfacer las necesidades de las&nbsp;personas en las distintas etapas del ciclo vital seg\u00fan lo siguiente:<\/li>\n\n\n\n<li>Valorar el estado de salud del individuo sano o enfermo y diagnosticar sus necesidades o&nbsp;problemas en el \u00e1rea de su competencia e implementar acciones tendientes a satisfacer las&nbsp;mismas.<\/li>\n\n\n\n<li>Participar en la supervisi\u00f3n de las condiciones de medio ambiente que requieren las&nbsp;personas.<\/li>\n\n\n\n<li>Supervisar y realizar las acciones que favorezcan el bienestar de los personas.<\/li>\n\n\n\n<li>Colocar sondas y controlar su funcionamiento.<\/li>\n\n\n\n<li>Controlar drenajes.<\/li>\n\n\n\n<li>Realizar control de signos vitales.<\/li>\n\n\n\n<li>Observar, evaluar y registrar signos y s\u00edntomas que presentan las personas decidiendo la:&nbsp;acciones de enfermer\u00eda a seguir.<\/li>\n\n\n\n<li>Colaborar en los procedimientos de diagn\u00f3stico y tratamiento.<\/li>\n\n\n\n<li>Planificar, preparar, administrar y registrar la administraci\u00f3n de medicamentos por v\u00eda&nbsp;enteral, parenteral, mucosa, cut\u00e1nea y respiratoria, natural y artificial, de acuerdo con la&nbsp;orden medica escrita, completa, firmada y actualizada.<\/li>\n\n\n\n<li>Realizar curaciones simples y complejas, que no demanden tratamiento quir\u00fargico.<\/li>\n\n\n\n<li>Realizar punciones venosas perif\u00e9ricas.<\/li>\n\n\n\n<li>Participar en actividades relacionadas con el control de infecciones.<\/li>\n\n\n\n<li>Ejecutar acciones de enfermer\u00eda en situaciones de emergencia y cat\u00e1strofe.<\/li>\n\n\n\n<li>Participar en el traslado de pacientes por v\u00eda a\u00e9rea, terrestre, fluvial y mar\u00edtima.<\/li>\n\n\n\n<li>Realizar el registro de evoluci\u00f3n de pacientes y de prestaciones de enfermer\u00eda a la&nbsp;persona, familia y comunidad consignando fecha, firma y n\u00famero de matr\u00edcula.<\/li>\n\n\n\n<li>Coordinar y supervisar las actividades del auxiliar de enfermer\u00eda.<\/li>\n\n\n\n<li>Participar en los procedimientos postmortem de acondicionamiento del cad\u00e1ver.<\/li>\n\n\n\n<li>Participar en la programaci\u00f3n de actividades de educaci\u00f3n sanitaria tendientes a mantener&nbsp;y mejorar la salud de la persona, familia y comunidad.<\/li>\n<\/ul>\n\n\n\n<h5 class=\"wp-block-heading\"><strong>Administraci\u00f3n<\/strong><\/h5>\n\n\n\n<ul>\n<li>Administrar unidades de enfermer\u00eda en las instituciones hospitalarias y comunitarias utilizando criterios tendientes a garantizar una atenci\u00f3n de &nbsp;enfermer\u00eda personalizada y libre de riesgos.<\/li>\n\n\n\n<li>Participar en la elaboraci\u00f3n de normas de funcionamiento de los servicios de enfermer\u00eda en sus distintas modalidades de atenci\u00f3n.<\/li>\n\n\n\n<li>Controlar las condiciones de uso de los recursos materiales y equipos para la prestaci\u00f3n &nbsp;de cuidados de&nbsp; enfermer\u00eda.<\/li>\n\n\n\n<li>Realizar el control y registro de ingresos y egresos de pacientes.<\/li>\n<\/ul>\n\n\n\n<h5 class=\"wp-block-heading\"><strong>Investigaci\u00f3n<\/strong><\/h5>\n\n\n\n<ul>\n<li>Participar en la formaci\u00f3n y educaci\u00f3n permanente en \u00e1reas de su competencia.<\/li>\n\n\n\n<li>Participar en Investigaci\u00f3n sobre temas de enfermer\u00eda y salud.<\/li>\n<\/ul>\n\n\n\n<p><\/p>\n<h3 class=\"entry-title\" style=\"background-color: #dd4816;\"><span style=\"color: #ffffff;\">Plan de Estudios<\/span><\/h3>\n<p><\/p>\n\n\n\n<style>\n        details { \n      background-color: #f6f8fa;\n      width: 100%;\n      margin-bottom: 1rem;   \n      border-radius: 8px;  \n      border: 1px solid #d8e0e9;\n      color: #364f6b;\n      position: relative;\n    }\n\n    details summary {  \n      font-weight: 400;\n      font-size: 1.25rem;\n      padding: 1rem;\n      cursor: pointer;\n      list-style: none;\n    }\n\n    details p {\n      padding: 1rem;\n      margin: 0 1rem 1rem 1rem;\n      background: #f6f8fa;\n      border-left: 2px solid #364f6b;\n    }\n    \n    <\/style>\n\n   <!--SOFTWARE-->\n    <div>\n            <details>\n                <summary>1er a\u00f1o<\/summary>\n                <ul>\n                    <li>Introducci\u00f3n y Fundamentos de los cuidados de Enfermer\u00eda<\/li>\n<li>Anatom\u00eda y Fisiolog\u00eda<\/li>\n<li>Bioqu\u00edmica<\/li>\n<li>Biof\u00edsica<\/li>\n<li>Bioetica y Deontolog\u00eda<\/li>\n<li>Metodolog\u00eda de la Investigaci\u00f3n I<\/li>\n<li>Salud P\u00fablica<\/li>\n<li>Farmacolog\u00eda I<\/li>\n<li>Conocimiento de la Realidad Social en el Contexto Global<\/li>\n<li>Microbiolog\u00eda y Parasitolog\u00eda<\/li>\n<li>Primeros Auxilios<\/li>\n<li>Pr\u00e1cticas Profesionalizantes I<\/li>\n                <\/ul>\n            <\/details>\n            <details>\n                <summary>2do a\u00f1o<\/summary>\n                <ul>\n                    <li>Cuidados de Enfermer\u00eda del Adulto y Anciano<\/li>\n<li>Enfermer\u00eda de Salud Mental y Psiquiatr\u00eda<\/li>\n<li>Aspectos Psicosociales y Culturales del Desarrollo<\/li>\n<li>Proceso Social Aplicado en el contexto de Salud<\/li>\n<li>Metodolog\u00eda de la Investigaci\u00f3n II<\/li>\n<li>Alimentaci\u00f3n, Nutrici\u00f3n y Dietoterapia<\/li>\n<li>Enfermer\u00eda en Salud Comunitaria<\/li>\n<li>Farmacolog\u00eda I<\/li>\n<li>Cuidados integrados basados en la evidencia I<\/li>\n<li>Idioma extranjero: Ingl\u00e9s T\u00e9cnico<\/li>\n<li>Pr\u00e1cticas Profesionalizantes II<\/li>\n                <\/ul>\n            <\/details>\n            <details>\n                <summary>3er a\u00f1o<\/summary>\n                <ul>\n                   <li>Enfermer\u00eda de la madre, ni\u00f1o y adolescentes<\/li>\n<li>Administraci\u00f3n y Gesti\u00f3n de los Recursos en Enfermer\u00eda<\/li>\n<li>Comunicaci\u00f3n y Educaci\u00f3n<\/li>\n<li>Marcos Legales<\/li>\n<li>Urgencia y Emergencia<\/li>\n<li>Inform\u00e1tica<\/li>\n<li>Cuidados Integrados basados en la evidencia II<\/li>\n<li>Idioma Extranjero: Portugu\u00e9s<\/li>\n<li>Derechos Humanos<\/li>\n<li>Seminario de Investigaci\u00f3n<\/li>\n<li>Pr\u00e1cticas Profesionalizantes III<\/li>\n                <\/ul>\n            <\/details>\n    <\/div>\n\n\n\n<p><\/p>\n<h3 class=\"entry-title\" style=\"background-color: #dd4816;\"><span style=\"color: #ffffff;\">R\u00e9gimen de Correlatividades<\/span><\/h3>\n<p><\/p>\n\n\n\n<p><\/p>\n\n\n\n<div class=\"wp-block-file\"><object class=\"wp-block-file__embed\" data=\"https:\/\/enssagarna-ers.infd.edu.ar\/sitio\/wp-content\/uploads\/2023\/09\/Regimen-de-Correlatividades-Enfermeria-Res_4388-17_CGE.pdf\" type=\"application\/pdf\" style=\"width:100%;height:600px\" aria-label=\"Incrustado de Regimen de Correlatividades Enfermeria Res_4388-17_CGE.\"><\/object><a id=\"wp-block-file--media-39d0e4ed-2386-4b4a-99d1-88644c01b160\" href=\"https:\/\/enssagarna-ers.infd.edu.ar\/sitio\/wp-content\/uploads\/2023\/09\/Regimen-de-Correlatividades-Enfermeria-Res_4388-17_CGE.pdf\" target=\"_blank\" rel=\"noreferrer noopener\">Regimen de Correlatividades Enfermeria Res_4388-17_CGE<\/a><a href=\"https:\/\/enssagarna-ers.infd.edu.ar\/sitio\/wp-content\/uploads\/2023\/09\/Regimen-de-Correlatividades-Enfermeria-Res_4388-17_CGE.pdf\" class=\"wp-block-file__button wp-element-button\" download aria-describedby=\"wp-block-file--media-39d0e4ed-2386-4b4a-99d1-88644c01b160\">Descarga<\/a><\/div>\n","protected":false},"excerpt":{"rendered":"<p>T\u00edtulo que se otorga: Enfermero\/a Duraci\u00f3n: 3 a\u00f1os Resoluci\u00f3n 0620\/15 CGE:&nbsp;Descargar El Enfermero\/a est\u00e1 capacitado para el ejercicio profesional en relaci\u00f3n de dependencia y en forma libre, desarrollando, brindando y gestionando los cuidados de enfermer\u00eda aut\u00f3nomos&nbsp; e&nbsp; interdependientes&nbsp; para&nbsp; la&nbsp; promoci\u00f3n,&nbsp; prevenci\u00f3n,&nbsp; recuperaci\u00f3n&nbsp; y rehabilitaci\u00f3n de la persona, la familia, grupo y comunidad hasta el &#8230; <a title=\"Tecnicatura Superior en Enfermer\u00eda\" class=\"read-more\" href=\"https:\/\/enssagarna-ers.infd.edu.ar\/sitio\/tecnicatura-superior-en-enfermeria-2\/\" aria-label=\"More on Tecnicatura Superior en Enfermer\u00eda\">[+]<\/a><\/p>\n","protected":false},"author":99,"featured_media":0,"parent":0,"menu_order":0,"comment_status":"closed","ping_status":"closed","template":"","meta":[],"acf":[],"_links":{"self":[{"href":"https:\/\/enssagarna-ers.infd.edu.ar\/sitio\/wp-json\/wp\/v2\/pages\/1984"}],"collection":[{"href":"https:\/\/enssagarna-ers.infd.edu.ar\/sitio\/wp-json\/wp\/v2\/pages"}],"about":[{"href":"https:\/\/enssagarna-ers.infd.edu.ar\/sitio\/wp-json\/wp\/v2\/types\/page"}],"author":[{"embeddable":true,"href":"https:\/\/enssagarna-ers.infd.edu.ar\/sitio\/wp-json\/wp\/v2\/users\/99"}],"replies":[{"embeddable":true,"href":"https:\/\/enssagarna-ers.infd.edu.ar\/sitio\/wp-json\/wp\/v2\/comments?post=1984"}],"version-history":[{"count":5,"href":"https:\/\/enssagarna-ers.infd.edu.ar\/sitio\/wp-json\/wp\/v2\/pages\/1984\/revisions"}],"predecessor-version":[{"id":2089,"href":"https:\/\/enssagarna-ers.infd.edu.ar\/sitio\/wp-json\/wp\/v2\/pages\/1984\/revisions\/2089"}],"wp:attachment":[{"href":"https:\/\/enssagarna-ers.infd.edu.ar\/sitio\/wp-json\/wp\/v2\/media?parent=1984"}],"curies":[{"name":"wp","href":"https:\/\/api.w.org\/{rel}","templated":true}]}}