{"id":1566,"date":"2021-06-20T14:06:53","date_gmt":"2021-06-20T17:06:53","guid":{"rendered":"https:\/\/enssagarna-ers.infd.edu.ar\/sitio\/?page_id=1566"},"modified":"2023-11-16T09:42:03","modified_gmt":"2023-11-16T12:42:03","slug":"profesorado-de-educacion-primaria-2","status":"publish","type":"page","link":"https:\/\/enssagarna-ers.infd.edu.ar\/sitio\/profesorado-de-educacion-primaria-2\/","title":{"rendered":"Profesorado de Educaci\u00f3n Primaria"},"content":{"rendered":"\n<figure class=\"wp-block-image\"><img decoding=\"async\" loading=\"lazy\" width=\"1000\" height=\"167\" src=\"https:\/\/enssagarna-ers.infd.edu.ar\/sitio\/wp-content\/uploads\/2021\/06\/Copia-de-Profesorado-de-educaci\u00f3n-primaria-1000x167.png\" alt=\"\" class=\"wp-image-1520\" srcset=\"https:\/\/enssagarna-ers.infd.edu.ar\/sitio\/wp-content\/uploads\/2021\/06\/Copia-de-Profesorado-de-educaci\u00f3n-primaria-1000x167.png 1000w, https:\/\/enssagarna-ers.infd.edu.ar\/sitio\/wp-content\/uploads\/2021\/06\/Copia-de-Profesorado-de-educaci\u00f3n-primaria-768x128.png 768w, https:\/\/enssagarna-ers.infd.edu.ar\/sitio\/wp-content\/uploads\/2021\/06\/Copia-de-Profesorado-de-educaci\u00f3n-primaria-620x105.png 620w, https:\/\/enssagarna-ers.infd.edu.ar\/sitio\/wp-content\/uploads\/2021\/06\/Copia-de-Profesorado-de-educaci\u00f3n-primaria-400x68.png 400w, https:\/\/enssagarna-ers.infd.edu.ar\/sitio\/wp-content\/uploads\/2021\/06\/Copia-de-Profesorado-de-educaci\u00f3n-primaria.png 1200w\" sizes=\"(max-width: 1000px) 100vw, 1000px\" \/><\/figure>\n\n\n\n<div class=\"wp-block-columns is-layout-flex wp-container-3\">\n<div class=\"wp-block-column is-layout-flow\" style=\"flex-basis:66.66%\">\n<p><strong>T\u00edtulo que se otorga<\/strong>: Profesor\/a de Educaci\u00f3n Primaria<\/p>\n\n\n\n<p><strong>Duraci\u00f3n:<\/strong>&nbsp;4 a\u00f1os<\/p>\n\n\n\n<p><strong>Resoluci\u00f3n 4170\/14 CGE<\/strong>:&nbsp;<a href=\"https:\/\/des-ers.infd.edu.ar\/sitio\/upload\/4170-14_CGE_Dise%f1o_Curricular_para_la_Formaci%f3n_Docente_de_Educaci%f3n_Primaria.pdf\" target=\"_blank\" rel=\"noreferrer noopener\">Descargar<\/a><\/p>\n<\/div>\n\n\n\n<div class=\"wp-block-column is-layout-flow\" style=\"flex-basis:33.33%\">\n<figure class=\"wp-block-image size-full\"><a href=\"https:\/\/enssagarna-ers.infd.edu.ar\/sitio\/inscripcion-a-carreras\/\"><img decoding=\"async\" loading=\"lazy\" width=\"600\" height=\"150\" src=\"https:\/\/enssagarna-ers.infd.edu.ar\/sitio\/wp-content\/uploads\/2023\/11\/Link-para-Inscripcion.png\" alt=\"\" class=\"wp-image-2044\"\/><\/a><\/figure>\n<\/div>\n<\/div>\n\n\n\n<header class=\"entry-header\">\n<p>El profesor de Educaci\u00f3n Primaria podr\u00e1 dise\u00f1ar, desarrollar y evaluar procesos de ense\u00f1anza para la Educaci\u00f3n Primaria en sus diferentes ciclos y modalidades; participar en la elaboraci\u00f3n y evaluaci\u00f3n de planes, programas y proyectos en instituciones formales y no formales.<\/p>\n<h3 class=\"entry-title\" style=\"background-color: #dd4816;\"><span style=\"color: #ffffff;\">Perfil del egresado<\/span><\/h3>\n<\/header>\n\n\n\n<div class=\"entry-content\">\n<p>La construcci\u00f3n de un dise\u00f1o curricular para la Formaci\u00f3n Docente Inicial, nos posibilita resignificar la tarea docente, de manera tal de pensarla y concebirla como una pr\u00e1ctica reflexiva y cr\u00edtica.<\/p>\n<p>En este sentido pretendemos que el egresado del Profesorado en Educaci\u00f3n Primaria sea un docente comprometido \u00e9tico y pol\u00edticamente con los procesos culturales, sociales, est\u00e9ticos de la sociedad en la que vive.<\/p>\n<p>Por lo expuesto se aspira a formar un docente con capacidad de:<\/p>\n<ul>\n<li>Asumirse como sujeto aut\u00f3nomo, creativo, con responsabilidad profesional para la toma de decisiones.<\/li>\n<li>Contextualizar las intervenciones de ense\u00f1anza en pos de encontrar diferentes y mejores formas de posibilitar los aprendizajes de los estudiantes y apoyar procesos democr\u00e1ticos al interior de las instituciones educativas y de las aulas.<\/li>\n<li>Posicionarse comprometidamente en la configuraci\u00f3n y consolidaci\u00f3n de su identidad como profesional docente.<\/li>\n<li>Construir espacios de trabajo compartido y colaborativo en las instituciones educativas.<\/li>\n<li>Comprender determinados marcos te\u00f3ricos que lo habiliten para seguir profundizando en los diferentes campos de conocimiento.<\/li>\n<li>Seleccionar, dise\u00f1ar y utilizar diversos recursos did\u00e1cticos, en situaciones de ense\u00f1anza formal y no formal.<\/li>\n<li>Implementar reflexivamente los dise\u00f1os curriculares del nivel de educaci\u00f3n primaria vigentes en los diferentes contextos, ciclos y modalidades.<\/li>\n<li>Construir y desarrollar dispositivos pedag\u00f3gicos \u2013 disciplinares para atender a la diversidad y la integraci\u00f3n de los sujetos, desde la confianza en sus posibilidades de aprender y la comprensi\u00f3n de su comunidad.<\/li>\n<li>Comprometerse con una concepci\u00f3n de evaluaci\u00f3n multidimensional y multireferencial tanto de los aprendizajes como de la ense\u00f1anza.<\/li>\n<\/ul>\n<\/div>\n\n\n\n<h3 class=\"entry-title\" style=\"background-color: #dd4816;\"><span style=\"color: #ffffff;\">Plan de Estudios<\/span><\/h3>\n\n\n\n<p><\/p>\n\n\n\n<style>\n        details { \n      background-color: #f6f8fa;\n      width: 100%;\n      margin-bottom: 1rem;   \n      border-radius: 8px;  \n      border: 1px solid #d8e0e9;\n      color: #364f6b;\n      position: relative;\n    }\n\n    details summary {  \n      font-weight: 400;\n      font-size: 1.25rem;\n      padding: 1rem;\n      cursor: pointer;\n      list-style: none;\n    }\n\n    details p {\n      padding: 1rem;\n      margin: 0 1rem 1rem 1rem;\n      background: #f6f8fa;\n      border-left: 2px solid #364f6b;\n    }\n    \n    <\/style>\n\n   <!--PROFESORADO PRIMARIA-->\n    <div>\n            <details>\n                <summary>1er a\u00f1o<\/summary>\n                <ul>\n                    <li>Pedagog\u00eda<\/li>\n                    <li>Corporeidad, juegos y lenguajes art\u00edsticos<\/li>\n                    <li>Oralidad, lectura, escritura y TIC<\/li>\n                    <li>Did\u00e1ctica General<\/li>\n                    <li>Lengua, literatura y su did\u00e1ctica I<\/li>\n                    <li>Matem\u00e1tica y su did\u00e1ctica I<\/li>\n                    <li>Ciencias sociales y su did\u00e1ctica I<\/li>\n                    <li>Ciencias naturales y tu did\u00e1ctica I<\/li>\n                    <li>Pr\u00e1ctica docente I<\/li>\n                <\/ul>\n            <\/details>\n            <details>\n                <summary>2do a\u00f1o<\/summary>\n                <ul>\n                    <li>Psicolog\u00eda de educacional<\/li>\n                    <li>Historia social, pol\u00edtica argentina y latinoamericana<\/li>\n                    <li>Filosof\u00eda<\/li>\n                    <li>Lengua, literatura y su did\u00e1ctica II<\/li>\n                    <li>Matem\u00e1tica y su did\u00e1ctica II<\/li>\n                    <li>Ciencias sociales y su did\u00e1ctica II<\/li>\n                    <li>Ciencias naturales y tu did\u00e1ctica II<\/li>\n                    <li>Sujeto de la educaci\u00f3n primaria<\/li>\n                    <li>Educaci\u00f3n f\u00edsica y su did\u00e1ctica<\/li>\n                    <li>Pr\u00e1ctica docente II<\/li>\n                <\/ul>\n            <\/details>\n            <details>\n                <summary>3er a\u00f1o<\/summary>\n                <ul>\n                    <li>Sociolog\u00eda de la educaci\u00f3n<\/li>\n                    <li>Historia de la educaci\u00f3n argentina<\/li>\n                    <li>Derechos humanos: \u00e9tica y ciudadan\u00eda<\/li>\n                    <li>Juegos y producci\u00f3n de materiales<\/li>\n                    <li>Alfabetizaci\u00f3n en la educaci\u00f3n primaria<\/li>\n                    <li>Matem\u00e1tica y su did\u00e1ctica III<\/li>\n                    <li>TIC y educaci\u00f3n primaria<\/li>\n                    <li>Educaci\u00f3n tecnol\u00f3gica y su did\u00e1ctica<\/li>\n                    <li>Lenguajes art\u00edsticos I (Cuatrimestral)<\/li>\n                    <li>Lenguajes art\u00edsticos II (Cuatrimestral)<\/li>\n                    <li>Pr\u00e1ctica docente III<\/li>\n                <\/ul>\n            <\/details>\n            <details>\n                <summary>4to a\u00f1o<\/summary>\n                <ul>\n                    <li>An\u00e1lisis y organizaci\u00f3n de las instituciones educativas<\/li>\n                    <li>Educaci\u00f3n sexual integral<\/li>\n                    <li>Taller interdisciplinario: problem\u00e1ticas transversales<\/li>\n                    <li>Problem\u00e1ticas contempor\u00e1neas en la educaci\u00f3n primaria<\/li>\n                    <li>Pr\u00e1ctica docente IV<\/li>\n                <\/ul>\n            <\/details>\n    <\/div>\n\n\n\n<h3 class=\"entry-title\" style=\"background-color: #dd4816;\"><span style=\"color: #ffffff;\">R\u00e9gimen de Correlatividades<\/span><\/h3>\n\n\n\n<p><\/p>\n\n\n\n<div class=\"wp-block-file\"><object class=\"wp-block-file__embed\" data=\"https:\/\/enssagarna-ers.infd.edu.ar\/sitio\/wp-content\/uploads\/2023\/09\/Correlatividades-4170-14_CGE_Primaria.pdf\" type=\"application\/pdf\" style=\"width:100%;height:600px\" aria-label=\"Incrustado de Correlatividades 4170-14_CGE_Primaria.\"><\/object><a id=\"wp-block-file--media-2ca7d5a8-d3e7-4f50-a5b9-cccbb4c8a7f1\" href=\"https:\/\/enssagarna-ers.infd.edu.ar\/sitio\/wp-content\/uploads\/2023\/09\/Correlatividades-4170-14_CGE_Primaria.pdf\" target=\"_blank\" rel=\"noreferrer noopener\">Correlatividades 4170-14_CGE_Primaria<\/a><a href=\"https:\/\/enssagarna-ers.infd.edu.ar\/sitio\/wp-content\/uploads\/2023\/09\/Correlatividades-4170-14_CGE_Primaria.pdf\" class=\"wp-block-file__button wp-element-button\" download aria-describedby=\"wp-block-file--media-2ca7d5a8-d3e7-4f50-a5b9-cccbb4c8a7f1\">Descarga<\/a><\/div>\n","protected":false},"excerpt":{"rendered":"<p>T\u00edtulo que se otorga: Profesor\/a de Educaci\u00f3n Primaria Duraci\u00f3n:&nbsp;4 a\u00f1os Resoluci\u00f3n 4170\/14 CGE:&nbsp;Descargar El profesor de Educaci\u00f3n Primaria podr\u00e1 dise\u00f1ar, desarrollar y evaluar procesos de ense\u00f1anza para la Educaci\u00f3n Primaria en sus diferentes ciclos y modalidades; participar en la elaboraci\u00f3n y evaluaci\u00f3n de planes, programas y proyectos en instituciones formales y no formales. Perfil del &#8230; <a title=\"Profesorado de Educaci\u00f3n Primaria\" class=\"read-more\" href=\"https:\/\/enssagarna-ers.infd.edu.ar\/sitio\/profesorado-de-educacion-primaria-2\/\" aria-label=\"More on Profesorado de Educaci\u00f3n Primaria\">[+]<\/a><\/p>\n","protected":false},"author":190,"featured_media":0,"parent":0,"menu_order":0,"comment_status":"closed","ping_status":"closed","template":"","meta":[],"acf":[],"_links":{"self":[{"href":"https:\/\/enssagarna-ers.infd.edu.ar\/sitio\/wp-json\/wp\/v2\/pages\/1566"}],"collection":[{"href":"https:\/\/enssagarna-ers.infd.edu.ar\/sitio\/wp-json\/wp\/v2\/pages"}],"about":[{"href":"https:\/\/enssagarna-ers.infd.edu.ar\/sitio\/wp-json\/wp\/v2\/types\/page"}],"author":[{"embeddable":true,"href":"https:\/\/enssagarna-ers.infd.edu.ar\/sitio\/wp-json\/wp\/v2\/users\/190"}],"replies":[{"embeddable":true,"href":"https:\/\/enssagarna-ers.infd.edu.ar\/sitio\/wp-json\/wp\/v2\/comments?post=1566"}],"version-history":[{"count":18,"href":"https:\/\/enssagarna-ers.infd.edu.ar\/sitio\/wp-json\/wp\/v2\/pages\/1566\/revisions"}],"predecessor-version":[{"id":2086,"href":"https:\/\/enssagarna-ers.infd.edu.ar\/sitio\/wp-json\/wp\/v2\/pages\/1566\/revisions\/2086"}],"wp:attachment":[{"href":"https:\/\/enssagarna-ers.infd.edu.ar\/sitio\/wp-json\/wp\/v2\/media?parent=1566"}],"curies":[{"name":"wp","href":"https:\/\/api.w.org\/{rel}","templated":true}]}}